{"id":31975,"date":"2025-03-02T17:13:27","date_gmt":"2025-03-02T16:13:27","guid":{"rendered":"https:\/\/faconsulting.ch\/?post_type=tribe_events&#038;p=31975"},"modified":"2025-03-28T14:42:50","modified_gmt":"2025-03-28T13:42:50","slug":"coaching-ados","status":"publish","type":"tribe_events","link":"https:\/\/faconsulting.ch\/fr\/event\/coaching-ados\/","title":{"rendered":"Coaching Ados"},"content":{"rendered":"<p><strong><u>Coaching\/accompagnement individuel ou collectif<\/u><\/strong><\/p>\n<p><strong>Tu te sens stress\u00e9(e) par l&rsquo;\u00e9cole, le harc\u00e8lement ou les changements de la vie?<\/strong><\/p>\n<p><strong>Cherches-tu simplement un espace o\u00f9 tu peux t&rsquo;exprimer dans contexte de non jugement?<\/strong><\/p>\n<p>Ne t&rsquo;inqui\u00e8te pas ! Nous sommes l\u00e0 pour t&rsquo;aider.<\/p>\n<p>&nbsp;<\/p>\n<p><strong><u>Jusqu&rsquo;\u00e0 cinq ateliers interactifs et des discussions ouvertes<\/u><\/strong><\/p>\n<p>Nos cinq ateliers constituent un programme de coaching complet, mais il est \u00e9galement possible de choisir autant d&rsquo;ateliers que vous le souhaitez, en fonction de vos besoins.<\/p>\n<p>Ces ateliers aident \u00e0 mieux te comprendre, \u00e0 identifier tes forces et faiblesses, et \u00e0 travailler sur ton d\u00e9veloppement personnel<\/p>\n<p><strong><u>Atelier 1\u00a0 (<\/u><\/strong><strong><u>2 heures)<\/u><\/strong><\/p>\n<p><strong>Qui suis-je\u00a0?<\/strong><\/p>\n<p>Quelle est ma place dans ma famille, dans mon groupe d\u2019ami, dans le monde\u00a0?<\/p>\n<p><strong><u>Atelier 2\u00a0 (<\/u><\/strong><strong><u>2 heures)<\/u><\/strong><\/p>\n<p><strong>Qui aimerais-je \u00eatre ?<\/strong><\/p>\n<p>Quels sont mes visions et mes objectifs dans la vie, l&rsquo;\u00e9cole, la famille ou les amis ? qu&rsquo;est-ce qui me bloque ?<\/p>\n<p><strong><u>Atelier 3\u00a0 (<\/u><\/strong><strong><u>2 heures)<\/u><\/strong><\/p>\n<p><strong>La gestion des \u00e9motions et stress<\/strong><\/p>\n<p>Qu&rsquo;est-ce que le stress, comment le voir venir et comment le g\u00e9rer ?<\/p>\n<p><strong><u>Atelier 4\u00a0 (<\/u><\/strong><strong><u>2 heures)<\/u><\/strong><\/p>\n<p><strong>Nous examinons comment nous pouvons d\u00e9velopper la comp\u00e9tence sociale<\/strong><\/p>\n<p>Du respect\u00a0: comment \u00e9tablir et maintenir des relations positives et saines.<\/p>\n<p>Nous examinons comment nous pouvons d\u00e9velopper la comp\u00e9tence sociale, interpersonnelles ainsi que la communication.<\/p>\n<p>Nous examinons l&#8217;empathie, la r\u00e9solution de probl\u00e8mes ou conflits, la gestion des relations et la communication efficace.<\/p>\n<p><strong><u>Atelier 5\u00a0 (<\/u><\/strong><strong><u>2 heures)<\/u><\/strong><\/p>\n<p><strong>La voie vers la r\u00e9alisation de mes objectifs<\/strong><\/p>\n<p>Cet atelier examine l\u2019autonomie, la prise de d\u00e9cisions et la responsabilit\u00e9.<\/p>\n<p>Comment devenir plus ind\u00e9pendants et proactifs dans la gestion de la vie.<\/p>\n<p>Qu&rsquo;est-ce que la r\u00e9silience et comment surmonter les obstacles ?<\/p>\n<p>Le Coaching offre la possibilit\u00e9 d\u2019explorer et de comprendre le \u2018moi-profond\u2019<\/p>\n<p>Lib\u00e8re ton potentiel et fais le premier pas vers une vie \u00e9quilibr\u00e9e et \u00e9panouissante.<\/p>\n<p>Nous sommes des coachs exp\u00e9riment\u00e9s et empathiques<\/p>\n<p>Nous travaillons dans un environnement s\u00fbr et accueillant<\/p>\n<p>&nbsp;<\/p>\n<p>Pour plus d&rsquo;informations, n\u2019h\u00e9site pas \u00e0 nous contacter\u00a0!<\/p>\n","protected":false},"excerpt":{"rendered":"<p>Coaching\/accompagnement individuel ou collectif Tu te sens stress\u00e9(e) par l&rsquo;\u00e9cole, &#8230;<\/p>\n","protected":false},"author":2,"featured_media":31982,"template":"","meta":{"_price":"","_stock":"","_tribe_ticket_header":"","_tribe_default_ticket_provider":"Tribe__Tickets_Plus__Commerce__WooCommerce__Main","_tribe_ticket_capacity":"5","_ticket_start_date":"","_ticket_end_date":"","_tribe_ticket_show_description":"","_tribe_ticket_show_not_going":false,"_tribe_ticket_use_global_stock":"1","_tribe_ticket_global_stock_level":"5","_global_stock_mode":"","_global_stock_cap":"","_tribe_rsvp_for_event":"","_tribe_ticket_going_count":"","_tribe_ticket_not_going_count":"","_tribe_tickets_list":"[{\"id\":31989,\"type\":\"default\",\"title\":\"Cinq ateliers Ados\",\"description\":\"\",\"capacityType\":\"global\",\"price\":375,\"capacity\":5,\"available\":5,\"sharedCapacity\":5,\"sold\":0,\"shareSold\":0,\"isShared\":true,\"currencyDecimalPoint\":\".\",\"currencyNumberOfDecimals\":2,\"currencyPosition\":\"prefix\",\"currencySymbol\":\"CHF\",\"currencyThousandsSep\":\"'\"}]","_tribe_ticket_has_attendee_info_fields":false,"_tribe_events_status":"","_tribe_events_status_reason":"","footnotes":"","_tec_slr_enabled":"","_tec_slr_layout":""},"tags":[],"tribe_events_cat":[68],"class_list":["post-31975","tribe_events","type-tribe_events","status-publish","has-post-thumbnail","hentry","tribe_events_cat-evenements","cat_evenements"],"ticketed":["woo"],"_links":{"self":[{"href":"https:\/\/faconsulting.ch\/fr\/wp-json\/wp\/v2\/tribe_events\/31975","targetHints":{"allow":["GET"]}}],"collection":[{"href":"https:\/\/faconsulting.ch\/fr\/wp-json\/wp\/v2\/tribe_events"}],"about":[{"href":"https:\/\/faconsulting.ch\/fr\/wp-json\/wp\/v2\/types\/tribe_events"}],"author":[{"embeddable":true,"href":"https:\/\/faconsulting.ch\/fr\/wp-json\/wp\/v2\/users\/2"}],"version-history":[{"count":6,"href":"https:\/\/faconsulting.ch\/fr\/wp-json\/wp\/v2\/tribe_events\/31975\/revisions"}],"predecessor-version":[{"id":31987,"href":"https:\/\/faconsulting.ch\/fr\/wp-json\/wp\/v2\/tribe_events\/31975\/revisions\/31987"}],"wp:featuredmedia":[{"embeddable":true,"href":"https:\/\/faconsulting.ch\/fr\/wp-json\/wp\/v2\/media\/31982"}],"wp:attachment":[{"href":"https:\/\/faconsulting.ch\/fr\/wp-json\/wp\/v2\/media?parent=31975"}],"wp:term":[{"taxonomy":"post_tag","embeddable":true,"href":"https:\/\/faconsulting.ch\/fr\/wp-json\/wp\/v2\/tags?post=31975"},{"taxonomy":"tribe_events_cat","embeddable":true,"href":"https:\/\/faconsulting.ch\/fr\/wp-json\/wp\/v2\/tribe_events_cat?post=31975"}],"curies":[{"name":"wp","href":"https:\/\/api.w.org\/{rel}","templated":true}]}}

<p><strong><u>Coaching/accompagnement individuel ou collectif</u></strong></p>
<p><strong>Tu te sens stressé(e) par l&rsquo;école, le harcèlement ou les changements de la vie?</strong></p>
<p><strong>Cherches-tu simplement un espace où tu peux t&rsquo;exprimer dans contexte de non jugement?</strong></p>
<p>Ne t&rsquo;inquiète pas ! Nous sommes là pour t&rsquo;aider.</p>
<p>&nbsp;</p>
<p><strong><u>Jusqu&rsquo;à cinq ateliers interactifs et des discussions ouvertes</u></strong></p>
<p>Nos cinq ateliers constituent un programme de coaching complet, mais il est également possible de choisir autant d&rsquo;ateliers que vous le souhaitez, en fonction de vos besoins.</p>
<p>Ces ateliers aident à mieux te comprendre, à identifier tes forces et faiblesses, et à travailler sur ton développement personnel</p>
<p><strong><u>Atelier 1  (</u></strong><strong><u>2 heures)</u></strong></p>
<p><strong>Qui suis-je ?</strong></p>
<p>Quelle est ma place dans ma famille, dans mon groupe d’ami, dans le monde ?</p>
<p><strong><u>Atelier 2  (</u></strong><strong><u>2 heures)</u></strong></p>
<p><strong>Qui aimerais-je être ?</strong></p>
<p>Quels sont mes visions et mes objectifs dans la vie, l&rsquo;école, la famille ou les amis ? qu&rsquo;est-ce qui me bloque ?</p>
<p><strong><u>Atelier 3  (</u></strong><strong><u>2 heures)</u></strong></p>
<p><strong>La gestion des émotions et stress</strong></p>
<p>Qu&rsquo;est-ce que le stress, comment le voir venir et comment le gérer ?</p>
<p><strong><u>Atelier 4  (</u></strong><strong><u>2 heures)</u></strong></p>
<p><strong>Nous examinons comment nous pouvons développer la compétence sociale</strong></p>
<p>Du respect : comment établir et maintenir des relations positives et saines.</p>
<p>Nous examinons comment nous pouvons développer la compétence sociale, interpersonnelles ainsi que la communication.</p>
<p>Nous examinons l&#8217;empathie, la résolution de problèmes ou conflits, la gestion des relations et la communication efficace.</p>
<p><strong><u>Atelier 5  (</u></strong><strong><u>2 heures)</u></strong></p>
<p><strong>La voie vers la réalisation de mes objectifs</strong></p>
<p>Cet atelier examine l’autonomie, la prise de décisions et la responsabilité.</p>
<p>Comment devenir plus indépendants et proactifs dans la gestion de la vie.</p>
<p>Qu&rsquo;est-ce que la résilience et comment surmonter les obstacles ?</p>
<p>Le Coaching offre la possibilité d’explorer et de comprendre le ‘moi-profond’</p>
<p>Libère ton potentiel et fais le premier pas vers une vie équilibrée et épanouissante.</p>
<p>Nous sommes des coachs expérimentés et empathiques</p>
<p>Nous travaillons dans un environnement sûr et accueillant</p>
<p>&nbsp;</p>
<p>Pour plus d&rsquo;informations, n’hésite pas à nous contacter !</p>

<p>Coaching/accompagnement individuel ou collectif Tu te sens stressé(e) par l&rsquo;école, &#8230;</p>
